*(7 + -2). What is the remainder when 332 is divided by (-498)/(-18) + 2/w?
24
Let z = 54 + -28. Let b = -64 + z. Let a = b - -88. What is the remainder when a is divided by 13?
11
Let j(c) = -c**3 + 10*c**2 - 12*c - 61. Calculate the remainder when 443 is divided by j(5).
3
Let z be ((-8)/(-12))/2*0. Let u(h) be the first derivative of -h**4/4 + h**2/2 + 8*h + 410. Calculate the remainder when 20 is divided by u(z).
4
Let c(j) = j**2 + 40*j + 95. Let r be c(-25). Let o = -240 - r. Suppose 73 = n + 2*s, -2*n + 3*s = -7*n + 379. What is the remainder when n is divided by o?
37
Let z = 279 + -279. Suppose 13*t + z*t = 650. Calculate the remainder when 179 is divided by t.
29
Let q(j) = 191*j + 1740. What is the remainder when 97 is divided by q(-9)?
13
Calculate the remainder when 1972 is divided by 686/(-1029)*(1 + 1 + -104).
0
Suppose 7765*o = 7780*o - 11010. What is the remainder when o is divided by 13?
6
Let l(n) = 469*n + 3. Let p be l(1). Let z = p + -216. What is the remainder when z is divided by 13?
9
Let r(q) = 28*q + 4177. What is the remainder when 1517 is divided by r(-145)?
113
Let s = 225 + -159. Let l = -21 + s. Suppose -3*i + l = 2*i. Calculate the remainder when 69 is divided by i.
6
Let n = 16092 - 15961. Suppose p + 4*r - 7 = 0, -3*r + 5 = 2*r. Suppose -2*o + 128 = p*m, -m + 3*o = -12 - 38. Calculate the remainder when n is divided by m.
43
Let o = -7365 + 8351. Calculate the remainder when o is divided by 244.
10
Let b(s) = 4 + 21*s - 2 - 22*s - 5. Calculate the remainder when 6 is divided by b(-7).
2
Suppose -250*q + 4*g = -248*q - 34, 47 = 3*q - 2*g. What is the remainder when 4532 is divided by q?
2
Suppose 0 = -36*d + 32*d + 5*p + 1499, p = 4*d - 1487. What is the remainder when d is divided by 109?
44
Let r = -447 - 301. Let h = 792 + r. What is the remainder when h is divided by 28?
16
Let x(v) = 155*v + 2699. What is the remainder when 512 is divided by x(-17)?
0
Let i = 15571 + -15387. Calculate the remainder when 904 is divided by i.
168
Suppose -326*n - 78*n = -95*n - 254616. What is the remainder when n is divided by 23?
19
Suppose 53*c = 620*c - 18711. Let g(d) = -17*d**3 + 1. Calculate the remainder when c is divided by g(-1).
15
Let q = -293 - -295. Suppose h = q*b + 128, 0 = 19*h - 21*h - 3*b + 284. What is the remainder when h is divided by 36?
28
Suppose -2*v = -15*s + 16*s - 1221, -2*v - 5*s = -1201. Calculate the remainder when v is divided by 22.
19
Let u be (-936)/(-104)*2*1/6. Suppose 4*x = -h + 195, 2*x + u*h - 40 = 55. Calculate the remainder when 146 is divided by x.
48
Calculate the remainder when ((-6)/(-4))/(3/188) is divided by -1*7 + (-58 - -89).
22
Let x(d) = -3846*d - 30741. Let u = 39 + 11. What is the remainder when u is divided by x(-8)?
23
Let x = -62 - -89. Calculate the remainder when 322 is divided by x.
25
Let z(k) = k**2 - 18*k + 91. Let t be z(18). Suppose -t*p = -94*p + 573. Calculate the remainder when p is divided by 39.
35
Suppose 5*x + g = 22, 4*g = -4*x - g + 26. Suppose 5*u - 35 = 4*i + i, -13 = -u - i. Let k(d) = d + 2. Calculate the remainder when k(u) is divided by x.
0
Suppose 23 = 2*y - 31. Suppose -8*o = -8382 + 2790. What is the remainder when o is divided by y?
24
Let h(w) = -689*w + 2995. What is the remainder when h(-5) is divided by 3?
2
Let h(m) = -2*m**3 + 165*m**2 - 541*m - 914. Let r(u) = -u**3 + 6*u**2 - 4*u. Calculate the remainder when h(79) is divided by r(4).
2
Let j be 5*(92/20 - 0) + -2. Calculate the remainder when 1458/j - 12/28 is divided by 30.
9
Let l = 10 - -6. Suppose 224*n + 975 = 229*n. Let r = -86 + n. What is the remainder when r is divided by l?
13
Let j(s) = -2*s**2 - 3*s + 388. What is the remainder when 907 is divided by j(-14)?
33
Let q(a) = a**3 - 3*a**2 + a + 21. Let x be q(-8). Let w = -677 - x. What is the remainder when 194 is divided by w?
12
What is the remainder when 3283 is divided by (-26)/65 + 21896/40?
1
Let g = 1861 + -1777. Let l = 41 - 62. Let f = 1 - l. Calculate the remainder when g is divided by f.
18
Suppose -r + 4*v = -0 - 6, -3*r + 45 = -3*v. Let u(y) be the second derivative of y**3/3 + 9*y**2/2 - 15*y. What is the remainder when u(12) is divided by r?
15
Let x(g) = -g**3 + 11*g**2 + 2*g - 7. Let a = 53 + -56. Calculate the remainder when 5*252/75*(-10)/a is divided by x(11).
11
Let k be (-30 - -34)*((0 - -1) + 13). Suppose -5*c = 2*c - k. What is the remainder when 141 is divided by c?
5
Let j be -5 + (9/2)/(6/8). What is the remainder when 59 is divided by (-2567)/(-85) - j/5?
29
Let t = -235 + 415. What is the remainder when 1071 is divided by t?
171
Let t = 10533 - 6948. What is the remainder when 7175 is divided by t?
5
Suppose -3*y = 2*z - 150, -13 + 5 = -4*y. What is the remainder when z is divided by 27?
18
Let n be 12/24*(20 + -2). Suppose -n*r - 840 = -33*r. What is the remainder when 169 is divided by r?
29
Suppose n - 1755*l - 698 = -1757*l, n + 5*l - 713 = 0. Calculate the remainder when n is divided by 91.
51
Suppose -923 = -9*j - 131. Let t = 261 - 162. Let a = t - j. What is the remainder when a is divided by 6?
5
Suppose -10 = 5*g, 3*g - 150 = 2*i - 1452. Let t = 31 - 23. What is the remainder when (i/(-30))/(6/(-15)) is divided by t?
6
Suppose 135000 = 8*h + 19*h. Calculate the remainder when h is divided by 35.
30
Let v = 3082 - 2787. Calculate the remainder when v is divided by 8.
7
What is the remainder when (6 - 5) + 0 + -2 - 12864/(-67) is divided by 39?
35
Suppose 3*i = -3*a + 2742, a + 80*i - 918 = 77*i. Calculate the remainder when a is divided by 218.
40
Let c(k) = 10*k + 23. Let z be c(-10). Let p = 7 + 3. What is the remainder when 24/(-60) - z/5 is divided by p?
5
Suppose 2*p + 637 = 4*s - 547, -6*s + 4*p = -1776. Let f = -287 + s. Suppose 3*i + 42 = 4*i. Calculate the remainder when i is divided by f.
6
Let k(y) = -y**3 + 7*y**2 + 3*y - 23. Suppose -h + 2*v + 16 = 0, -h + 0*v = 3*v + 9. Calculate the remainder when k(h) is divided by 158/14 + (-6)/21.
9
Suppose 155*d + 1540 - 3421 - 2304 = 0. Let w = 337 + -176. What is the remainder when w is divided by d?
26
Let f = -34 + 50. Suppose -6*o = -220 - 116. Calculate the remainder when 198 is divided by f/o - 278/(-7).
38
Let q(i) = -2*i**2 + 20*i - 16. Let r be q(9). Let l(t) = 6*t**r - 2*t**2 - 3*t**2. Calculate the remainder when l(-3) is divided by 2.
1
Suppose -18*n + 6592 = 14*n. Let z = -187 + n. What is the remainder when 356 is divided by z?
14
Suppose 0 = -q + 2*q - 5*f - 28, 22 = -q - 5*f. Calculate the remainder when 17 is divided by q.
2
What is the remainder when (13/(156/24))/(8/68) is divided by 12?
5
Let g(v) = -v**3 + 9*v**2 - v - 10. Suppose -t + o + 65 = 2*t, -t - 3*o = -15. Let h = t + -15. What is the remainder when g(8) is divided by h?
4
Let v = -531 - -1056. Let x(d) = 5*d**3 - 30*d**2 + 5*d - 14. Calculate the remainder when v is divided by x(6).
13
Let t(g) = 4*g**2 + 5*g + 3. Let z be t(-1). Suppose -5*s = 5*y - 298 + 13, -y = -z*s - 57. What is the remainder when y is divided by 1 + 5/(15/27)?
7
Suppose 87*r - 12320 = 83*r. What is the remainder when r is divided by 13?
12
Suppose -u + 21 = -0*u. Suppose u = 4*m - 59. Suppose 328 = 4*a - 4*o, -74*a = -78*a - o + 313. Calculate the remainder when a is divided by m.
19
Calculate the remainder when 536 is divided by ((-18)/(-54))/(5/2700).
176
Suppose 5*b - 35 = k - 195, 0 = -3*b - 6. Suppose 3*r - 3*n + 48 = k, 5*r = -4*n + 206. What is the remainder when r is divided by 27?
11
Suppose -254*s - 227*s - 12073 = -48148. Calculate the remainder when 5847 is divided by s.
72
Suppose 424 = 51*y - 2817 - 2726. Calculate the remainder when 2807 is divided by y.
116
Suppose -4*x + 5*x - 11 = -4*j, -11 = 2*j - 5*x. Suppose l - 147 = -3*i, -j*i + l + 237 = 3*i. What is the remainder when i is divided by (1 - 2)/((-1)/17)?
14
Let j be 9858/(-212)*36/(-2). Let n = 1144 - j. Calculate the remainder when n is divided by 26.
21
Let l = -163 - -155. What is the remainder when 6/l - (-659)/4 is divided by 37?
16
Let j be 8/(-40) + 139/(-5). Suppose 4*u = -198 - 82. What is the remainder when 11 is divided by -6*(j/u - 9/10)?
2
Let j = 464 + -440. Suppose -v = -3*s - 21, 13*v - j = 11*v - 3*s. What is the remainder when 30 is divided by v?
0
Suppose f + 3 = -2*c, -2*f + 24 = 